nder when 392 + (-27)/(8 - 17) is divided by 40?
35
Suppose 8*m + 18 = 234. What is the remainder when m is divided by 23?
4
Suppose 20*s = 1082 + 58. Calculate the remainder when s is divided by 15.
12
Let f = -46 - -108. Suppose -a + 2*o + 37 = 0, 2*o - f = -5*a + 99. Calculate the remainder when a is divided by 5.
3
Let v = 2347 + -2161. Calculate the remainder when v is divided by 35.
11
Suppose -414 = -26*x - 20*x. What is the remainder when 395 is divided by x?
8
What is the remainder when (42/28)/(6/1252) is divided by 15?
13
Suppose -2*a + 111 = 5*p, 0 = 3*p - a + 5*a - 61. Suppose 0 = 4*i + 3*l + 5 + 2, i + 4*l - 8 = 0. Let z = i + 9. What is the remainder when p is divided by z?
3
Let t(b) = 68*b**2 - 3*b - 4. Let p be t(2). Suppose -3*w - 2*n - 51 = -124, -11 = -w - 4*n. Calculate the remainder when (-15)/(-25) - p/(-5) is divided by w.
26
Suppose -8*u = -6*u. Suppose -t - 4*m + 2 = u, -2*m - m = 2*t - 9. Calculate the remainder when (-1)/t - (-151)/6 is divided by 9.
7
Let y(l) = l**2 + 30*l + 28. What is the remainder when 137 is divided by y(-30)?
25
Suppose 5*t = 9 + 21. Suppose -6 = -i + 4. Calculate the remainder when i is divided by t.
4
Let f be (12/(-15))/((-4)/10). Suppose f*t = t + 18. Let p(x) = -x**3 - 2*x**2 + 2*x + 6. Calculate the remainder when p(-5) is divided by t.
17
Let d = -22 + 53. Let h(w) = -5*w**2 + 3*w - 16. Let j(x) = -14*x**2 + 8*x - 48. Let n(i) = 11*h(i) - 4*j(i). Calculate the remainder when d is divided by n(0).
15
Suppose 0 = 3*k + g - 17 - 18, -10 = -2*k - 4*g. Suppose -3*m = -3*q + 63, -189*q + 9 = -188*q - 5*m. What is the remainder when q is divided by k?
11
Let a(y) = -y**2 - 5*y + 1. Let w be a(-4). Let u = -229 + 239. Suppose 0 = -5*b + u - w. What is the remainder when 3 is divided by b?
0
Suppose -11*p + 133 = -131. What is the remainder when 87 is divided by p?
15
Suppose -2*o + 216 - 44 = 4*y, -4*o - 34 = -y. Suppose 0 = 83*d - 84*d + 15. Calculate the remainder when y is divided by d.
12
Let u(f) = -2*f - 1. Let s be u(-4). Suppose s*x - 396 = 3*x. Suppose 5*r = 11 + x. Calculate the remainder when r is divided by 8.
6
Let x = -35 + 37. Suppose -g + c + 19 = -37, 3*c + 107 = x*g. What is the remainder when g is divided by 7?
5
Let t(f) = -f**3 - 50*f**2 - 145*f - 103. What is the remainder when t(-47) is divided by 9?
4
Let j(q) = -10 + 28*q - 25 - 7*q. What is the remainder when j(4) is divided by 13?
10
Let j be 4 + 1 + 1 + 2. Suppose 9*b = j*b + 90. Suppose -2*z - z + 2*w + 95 = 0, -4*w = 2*z - b. Calculate the remainder when z is divided by 9.
8
Let m = 201 - 34. What is the remainder when m is divided by 25?
17
Let x = -108 + 127. Let t = 66 - x. Calculate the remainder when 232 is divided by t.
44
Let x(y) = 2*y**2 + y - 5. Calculate the remainder when 277 is divided by x(4).
29
Suppose -2177 = 38*k - 6699. Let m = 34 + -10. What is the remainder when k is divided by m?
23
Calculate the remainder when 118 + (-7 - -6) + 3 is divided by 19.
6
Suppose 5*a - a = r - 77, 0 = -4*a - r - 67. Let p = -50 - a. Let z = -16 - p. What is the remainder when z is divided by 9?
7
Calculate the remainder when -2 + 9 + 266 - -11 is divided by 29.
23
Suppose q = -4*q - 45. Let d(r) = 2*r**2 + 5*r + 1. Calculate the remainder when d(q) is divided by 24.
22
Suppose v - 3*v - 32 = 0. Let l = v - -19. Suppose -3*i = f - 82, l*f = 2*i - 2*f - 66. Calculate the remainder when i is divided by 16.
12
Let q = 124 - 60. Suppose 0 = 4*f + 4*h - q, 3*f - 7*f = -h - 59. Calculate the remainder when 28 is divided by f.
13
Let d be 1*(-2 + 3)*31. Let n = d - 30. What is the remainder when 4 is divided by n?
0
Let c(b) = 31*b + 15. Calculate the remainder when 165 is divided by c(1).
27
Let s(q) = q**2 - 8. Let g be ((-9)/6 + 2)*-10. Calculate the remainder when s(g) is divided by 5.
2
Suppose 0 = -3*b - f + 31, -2*b + 0 = 3*f - 16. What is the remainder when (-15)/75*(-205 + 0) is divided by b?
8
Suppose -4*q + 221 = 2*l - 9*q, 437 = 4*l - 5*q. Let g = l - 86. What is the remainder when 152 is divided by g?
20
Suppose -34*c - 269 + 2343 = 0. Calculate the remainder when 318 is divided by c.
13
Suppose -y = 0, -2*g + 2*y + 15 = g. Suppose 4*m + 36 = 4*l, l = -l + g*m + 30. Calculate the remainder when 19 is divided by l.
4
Suppose -u + 3 + 0 = 0. Suppose -3*i = 0, 2*x + 2*i = u + 27. What is the remainder when 57 is divided by x?
12
Suppose 4*t - f - 113 = 0, -79 = -2*t + 3*f + 2*f. Suppose 0 = -4*b + t + 53. Calculate the remainder when b is divided by 7.
6
Suppose 179 + 2516 = 11*i. Suppose 4*k - 31 = i. Calculate the remainder when k is divided by 14.
13
Let v(s) = 75*s - 36. Let k(u) = -15*u + 7. Let l(r) = 11*k(r) + 2*v(r). What is the remainder when 79 is divided by l(-1)?
19
Let f = 48 - 57. Let i(k) = k**2 - k + 1. Let s be i(1). What is the remainder when (s*f + -1)/(-1) is divided by 4?
2
Suppose -3*t + 357 + 0 = 0. Suppose -2*h + 13 + 19 = 4*s, -34 = -4*h + 2*s. What is the remainder when t is divided by h?
9
Let f(c) = 7*c**2 - 32*c - 133. Calculate the remainder when f(18) is divided by 120.
119
Let f(x) = x**2 + 2*x + 2. Let q be f(0). What is the remainder when 4/q + 3*(-6 + 30) is divided by 25?
24
Suppose 5*t - 29 = 21. Suppose -t*i = -227 - 3. Calculate the remainder when i is divided by 13.
10
Suppose 2*w - 151 = -0*y - 5*y, w = -4*y + 77. Let n = -20 - -54. Let i = -15 + n. What is the remainder when w is divided by i?
16
Let k(t) = t - 6. Let o be k(7). Calculate the remainder when 1*(11/o + -4) is divided by 3.
1
What is the remainder when ((-375)/50)/(-3 - (-147)/50) is divided by 18?
17
Let w = -76 + 72. Let m(j) = j**3 + 6*j**2 + 5*j + 2. Calculate the remainder when m(w) is divided by 5.
4
Suppose 3*y - n = 91 - 5, 54 = 2*y - 4*n. Let z(i) = 11*i + 77. Let s be z(-6). Suppose 2*x = 5 + s. Calculate the remainder when y is divided by x.
5
Suppose 198 = -34*c + 37*c. What is the remainder when 194 is divided by c?
62
Suppose -11*p + 12*p - 17 = 2*h, 4*p = 2*h + 80. Calculate the remainder when 92 is divided by p.
8
Suppose 11*s + 55 = 16*s. Suppose -4*y - 22 = 5*g + 3, 3*g + 2 = -5*y. Calculate the remainder when (-6)/(-9) - 264/g is divided by s.
8
Let y = 8 - -5. Suppose 5*o - 9 = 3*a, -9 = 3*o - 6*o + 3*a. Let g(p) = -9*p + 50. Calculate the remainder when g(o) is divided by y.
11
Suppose -5*i - t + 5 = 0, 3*i - i + 5*t + 21 = 0. Suppose -7 = -i*s + 25. Calculate the remainder when 62 is divided by s.
14
Let j(l) be the first derivative of -5*l**2/2 - 15*l - 3. What is the remainder when j(-11) is divided by 15?
10
Suppose 3*a - 3*i + 7 - 31 = 0, -3*a - i = -12. Suppose -a*j + 28 = -4*j. Calculate the remainder when 110 is divided by j.
26
Let o be ((-1)/(-2))/(3/282). Let d = o - -188. Suppose 0 = 3*w - 8*w + d. What is the remainder when w is divided by 12?
11
Suppose -2667 = -41*g + 12380. Calculate the remainder when g is divided by 53.
49
Suppose 0 = -8*g - 4 + 204. What is the remainder when g is divided by 20?
5
Suppose 3*v + 4 = 3*k - 8, 0 = 4*k + 2*v + 8. Suppose k = -5*a - 0*a + 55. Let j = -77 - -98. Calculate the remainder when j is divided by a.
10
Calculate the remainder when 333 is divided by 68 + -3 + (-4 - -7) + 0.
61
Suppose -14*j + 11*j + 12 = 0. Suppose 5*s - 27 = 28. Calculate the remainder when s is divided by j.
3
Calculate the remainder when 38 is divided by ((-4)/9*3)/(1/(-15)).
18
Let b(w) = -w**3 - w + 2. Let s be b(0). Let l(v) = s*v - v**2 - v - 2*v**2 + 4*v**2. What is the remainder when 57 is divided by l(-6)?
27
Suppose -7*h + 4*h = 0. Suppose h = 4*q + 3*w + 212, -5*w - 3 - 17 = 0. Let z = -27 - q. Calculate the remainder when z is divided by 8.
7
Let f = 6 + -3. Suppose 0 = -4*x - 5*n + 50, -f*x + 4*n + 42 = 2*x. Calculate the remainder when 20 + 5 - (5 - -2) is divided by x.
8
Let y = -2233 - -2457. Calculate the remainder when y is divided by 30.
14
Suppose -313 = y + 4*p - 3291, -5*y + 5*p = -14765. Calculate the remainder when y is divided by 21.
18
Let p be 0/2 + 5 + -30 + -1. What is the remainder when 66 is divided by ((-34)/4)/(13/p)?
15
Suppose 9*j - 7618 = -17*j. Calculate the remainder when j is divided by 14.
13
Let w = -86 + 111. What is the remainder when w is divided by 11?
3
Let l = 17 + -12. Suppose 0 = -3*z - 4*y - 1, -3*z - y + 7 =